[INFO] cloning repository https://github.com/NinthAutumn/rust-api
[INFO] running `Command { std: "git" "-c" "credential.helper=" "-c" "credential.helper=/workspace/cargo-home/bin/git-credential-null" "clone" "--bare" "https://github.com/NinthAutumn/rust-api" "/workspace/cache/git-repos/https%3A%2F%2Fgithub.com%2FNinthAutumn%2Frust-api", kill_on_drop: false }`
[INFO] [stderr] Cloning into bare repository '/workspace/cache/git-repos/https%3A%2F%2Fgithub.com%2FNinthAutumn%2Frust-api'...
[INFO] running `Command { std: "git" "rev-parse" "HEAD", kill_on_drop: false }`
[INFO] [stdout] ea9de280ec5863106c4e6f62fb892d6882674095
[INFO] checking NinthAutumn/rust-api against try#72f88fc4e9458f89516a0b8b0868f3718aec5b47 for pr-74989
[INFO] running `Command { std: "git" "clone" "/workspace/cache/git-repos/https%3A%2F%2Fgithub.com%2FNinthAutumn%2Frust-api" "/workspace/builds/worker-3/source", kill_on_drop: false }`
[INFO] [stderr] Cloning into '/workspace/builds/worker-3/source'...
[INFO] [stderr] done.
[INFO] validating manifest of git repo https://github.com/NinthAutumn/rust-api on toolchain 72f88fc4e9458f89516a0b8b0868f3718aec5b47
[INFO] running `Command { std: "/workspace/cargo-home/bin/cargo" "+72f88fc4e9458f89516a0b8b0868f3718aec5b47" "read-manifest" "--manifest-path" "Cargo.toml", kill_on_drop: false }`
[INFO] started tweaking git repo https://github.com/NinthAutumn/rust-api
[INFO] finished tweaking git repo https://github.com/NinthAutumn/rust-api
[INFO] tweaked toml for git repo https://github.com/NinthAutumn/rust-api written to /workspace/builds/worker-3/source/Cargo.toml
[INFO] crate git repo https://github.com/NinthAutumn/rust-api already has a lockfile, it will not be regenerated
[INFO] running `Command { std: "/workspace/cargo-home/bin/cargo" "+72f88fc4e9458f89516a0b8b0868f3718aec5b47" "fetch" "--locked" "--manifest-path" "Cargo.toml", kill_on_drop: false }`
[INFO] [stderr]     Blocking waiting for file lock on package cache
[INFO] [stderr]  Downloading crates ...
[INFO] [stderr]   Downloaded thiserror-impl v1.0.19
[INFO] [stderr]   Downloaded thiserror v1.0.19
[INFO] [stderr]   Downloaded tokio-pg-mapper v0.1.8
[INFO] [stderr]   Downloaded postgres-types v0.1.1
[INFO] [stderr]   Downloaded md5 v0.7.0
[INFO] [stderr]   Downloaded sha-1 v0.9.0
[INFO] [stderr]   Downloaded deadpool v0.5.1
[INFO] [stderr]   Downloaded hmac v0.8.0
[INFO] [stderr]   Downloaded tokio-postgres v0.5.4
[INFO] [stderr]   Downloaded async-trait v0.1.35
[INFO] [stderr]   Downloaded listenfd v0.3.3
[INFO] [stderr]   Downloaded block-buffer v0.8.0
[INFO] [stderr]   Downloaded deadpool-postgres v0.5.5
[INFO] [stderr]   Downloaded tokio-pg-mapper-derive v0.1.5
[INFO] [stderr]   Downloaded postgres-protocol v0.5.1
[INFO] [stderr]   Downloaded lexical-core v0.6.2
[INFO] [stderr]   Downloaded siphasher v0.3.3
[INFO] [stderr]   Downloaded egg-mode v0.15.0
[INFO] [stderr]   Downloaded derive_more v0.99.7
[INFO] running `Command { std: "docker" "create" "-v" "/var/lib/crater-agent-workspace/builds/worker-3/target:/opt/rustwide/target:rw,Z" "-v" "/var/lib/crater-agent-workspace/builds/worker-3/source:/opt/rustwide/workdir:ro,Z" "-v" "/var/lib/crater-agent-workspace/cargo-home:/opt/rustwide/cargo-home:ro,Z" "-v" "/var/lib/crater-agent-workspace/rustup-home:/opt/rustwide/rustup-home:ro,Z" "-e" "SOURCE_DIR=/opt/rustwide/workdir" "-e" "CARGO_TARGET_DIR=/opt/rustwide/target" "-e" "CARGO_HOME=/opt/rustwide/cargo-home" "-e" "RUSTUP_HOME=/opt/rustwide/rustup-home" "-w" "/opt/rustwide/workdir" "-m" "1610612736" "--user" "0:0" "--network" "none" "rustops/crates-build-env@sha256:d92eaeed33fa75130ca1ee6c8a01d1ffb62bac859dfdfb3450e3e5d1c0146529" "/opt/rustwide/cargo-home/bin/cargo" "+72f88fc4e9458f89516a0b8b0868f3718aec5b47" "metadata" "--no-deps" "--format-version=1", kill_on_drop: false }`
[INFO] [stdout] 77569b68096d763c05a54b7a4243a8b2b8a0594f7e5b6585dfa8851f80c560bf
[INFO] [stderr] WARNING: Your kernel does not support swap limit capabilities or the cgroup is not mounted. Memory limited without swap.
[INFO] running `Command { std: "docker" "start" "-a" "77569b68096d763c05a54b7a4243a8b2b8a0594f7e5b6585dfa8851f80c560bf", kill_on_drop: false }`
[INFO] running `Command { std: "docker" "inspect" "77569b68096d763c05a54b7a4243a8b2b8a0594f7e5b6585dfa8851f80c560bf", kill_on_drop: false }`
[INFO] running `Command { std: "docker" "rm" "-f" "77569b68096d763c05a54b7a4243a8b2b8a0594f7e5b6585dfa8851f80c560bf", kill_on_drop: false }`
[INFO] [stdout] 77569b68096d763c05a54b7a4243a8b2b8a0594f7e5b6585dfa8851f80c560bf
[INFO] running `Command { std: "docker" "create" "-v" "/var/lib/crater-agent-workspace/builds/worker-3/target:/opt/rustwide/target:rw,Z" "-v" "/var/lib/crater-agent-workspace/builds/worker-3/source:/opt/rustwide/workdir:ro,Z" "-v" "/var/lib/crater-agent-workspace/cargo-home:/opt/rustwide/cargo-home:ro,Z" "-v" "/var/lib/crater-agent-workspace/rustup-home:/opt/rustwide/rustup-home:ro,Z" "-e" "SOURCE_DIR=/opt/rustwide/workdir" "-e" "CARGO_TARGET_DIR=/opt/rustwide/target" "-e" "CARGO_INCREMENTAL=0" "-e" "RUST_BACKTRACE=full" "-e" "RUSTFLAGS=--cap-lints=forbid" "-e" "CARGO_HOME=/opt/rustwide/cargo-home" "-e" "RUSTUP_HOME=/opt/rustwide/rustup-home" "-w" "/opt/rustwide/workdir" "-m" "1610612736" "--user" "0:0" "--network" "none" "rustops/crates-build-env@sha256:d92eaeed33fa75130ca1ee6c8a01d1ffb62bac859dfdfb3450e3e5d1c0146529" "/opt/rustwide/cargo-home/bin/cargo" "+72f88fc4e9458f89516a0b8b0868f3718aec5b47" "check" "--frozen" "--all" "--all-targets" "--message-format=json", kill_on_drop: false }`
[INFO] [stdout] a17bf308e9d3bb20ba1204afc3c53511490343432796b9a7a8d739cd44e675ea
[INFO] [stderr] WARNING: Your kernel does not support swap limit capabilities or the cgroup is not mounted. Memory limited without swap.
[INFO] running `Command { std: "docker" "start" "-a" "a17bf308e9d3bb20ba1204afc3c53511490343432796b9a7a8d739cd44e675ea", kill_on_drop: false }`
[INFO] [stderr]     Blocking waiting for file lock on package cache
[INFO] [stderr]    Compiling proc-macro2 v1.0.18
[INFO] [stderr]    Compiling unicode-xid v0.2.0
[INFO] [stderr]    Compiling syn v1.0.31
[INFO] [stderr]     Checking cfg-if v0.1.10
[INFO] [stderr]    Compiling memchr v2.3.3
[INFO] [stderr]    Compiling log v0.4.8
[INFO] [stderr]     Checking lazy_static v1.4.0
[INFO] [stderr]    Compiling autocfg v1.0.0
[INFO] [stderr]    Compiling typenum v1.12.0
[INFO] [stderr]    Compiling proc-macro-nested v0.1.5
[INFO] [stderr]     Checking bytes v0.5.4
[INFO] [stderr]     Checking slab v0.4.2
[INFO] [stderr]     Checking futures-core v0.3.5
[INFO] [stderr]    Compiling proc-macro-hack v0.5.16
[INFO] [stderr]     Checking futures-sink v0.3.5
[INFO] [stderr]     Checking fnv v1.0.7
[INFO] [stderr]    Compiling getrandom v0.1.14
[INFO] [stderr]     Checking smallvec v1.4.0
[INFO] [stderr]     Checking arc-swap v0.4.7
[INFO] [stderr]     Checking pin-project-lite v0.1.7
[INFO] [stderr]    Compiling byteorder v1.3.4
[INFO] [stderr]     Checking once_cell v1.4.0
[INFO] [stderr]     Checking pin-utils v0.1.0
[INFO] [stderr]     Checking matches v0.1.8
[INFO] [stderr]     Checking itoa v0.4.5
[INFO] [stderr]    Compiling bitflags v1.2.1
[INFO] [stderr]     Checking scopeguard v1.1.0
[INFO] [stderr]    Compiling version_check v0.9.2
[INFO] [stderr]    Compiling serde v1.0.111
[INFO] [stderr]     Checking ppv-lite86 v0.2.8
[INFO] [stderr]    Compiling ryu v1.0.5
[INFO] [stderr]     Checking percent-encoding v2.1.0
[INFO] [stderr]     Checking byte-tools v0.3.1
[INFO] [stderr]     Checking linked-hash-map v0.5.3
[INFO] [stderr]    Compiling pkg-config v0.3.17
[INFO] [stderr]     Checking regex-syntax v0.6.18
[INFO] [stderr]     Checking copyless v0.1.5
[INFO] [stderr]    Compiling failure_derive v0.1.8
[INFO] [stderr]     Checking gimli v0.21.0
[INFO] [stderr]     Checking object v0.19.0
[INFO] [stderr]     Checking fake-simd v0.1.2
[INFO] [stderr]     Checking rustc-demangle v0.1.16
[INFO] [stderr]     Checking opaque-debug v0.2.3
[INFO] [stderr]     Checking either v1.5.3
[INFO] [stderr]    Compiling httparse v1.3.4
[INFO] [stderr]     Checking match_cfg v0.1.0
[INFO] [stderr]     Checking subtle v1.0.0
[INFO] [stderr]     Checking quick-error v1.2.3
[INFO] [stderr]    Compiling openssl v0.10.29
[INFO] [stderr]     Checking nodrop v0.1.14
[INFO] [stderr]     Checking base64 v0.12.1
[INFO] [stderr]     Checking foreign-types-shared v0.1.1
[INFO] [stderr]     Checking serde v0.8.23
[INFO] [stderr]     Checking md5 v0.7.0
[INFO] [stderr]    Compiling encoding_rs v0.8.23
[INFO] [stderr]    Compiling maybe-uninit v2.0.0
[INFO] [stderr]    Compiling native-tls v0.2.4
[INFO] [stderr]     Checking siphasher v0.3.3
[INFO] [stderr]     Checking fallible-iterator v0.2.0
[INFO] [stderr]     Checking mime v0.3.16
[INFO] [stderr]     Checking openssl-probe v0.1.2
[INFO] [stderr]     Checking try-lock v0.2.2
[INFO] [stderr]     Checking dtoa v0.4.5
[INFO] [stderr]     Checking language-tags v0.2.2
[INFO] [stderr]     Checking base64 v0.11.0
[INFO] [stderr]     Checking sha1 v0.6.0
[INFO] [stderr]     Checking subtle v2.2.3
[INFO] [stderr]     Checking rust-ini v0.13.0
[INFO] [stderr]     Checking dotenv v0.15.0
[INFO] [stderr]     Checking thread_local v1.0.1
[INFO] [stderr]     Checking futures-channel v0.3.5
[INFO] [stderr]     Checking unicode-normalization v0.1.12
[INFO] [stderr]    Compiling brotli-sys v0.3.2
[INFO] [stderr]     Checking unicode-bidi v0.3.4
[INFO] [stderr]     Checking futures-task v0.3.5
[INFO] [stderr]     Checking lock_api v0.3.4
[INFO] [stderr]     Checking block-padding v0.1.5
[INFO] [stderr]     Checking http v0.2.1
[INFO] [stderr]     Checking bytestring v0.1.5
[INFO] [stderr]     Checking lru-cache v0.1.2
[INFO] [stderr]     Checking yaml-rust v0.4.4
[INFO] [stderr]    Compiling num-traits v0.2.11
[INFO] [stderr]    Compiling indexmap v1.4.0
[INFO] [stderr]    Compiling num-integer v0.1.42
[INFO] [stderr]    Compiling crossbeam-utils v0.7.2
[INFO] [stderr]    Compiling generic-array v0.14.2
[INFO] [stderr]    Compiling nom v5.1.1
[INFO] [stderr]     Checking foreign-types v0.3.2
[INFO] [stderr]    Compiling openssl-sys v0.9.58
[INFO] [stderr]     Checking miniz_oxide v0.3.7
[INFO] [stderr]     Checking phf_shared v0.8.0
[INFO] [stderr]    Compiling libc v0.2.71
[INFO] [stderr]     Checking arrayvec v0.4.12
[INFO] [stderr]     Checking crc32fast v1.2.0
[INFO] [stderr]     Checking iovec v0.1.4
[INFO] [stderr]     Checking net2 v0.2.34
[INFO] [stderr]     Checking signal-hook-registry v1.2.0
[INFO] [stderr]     Checking parking_lot_core v0.7.2
[INFO] [stderr]     Checking num_cpus v1.13.0
[INFO] [stderr]     Checking socket2 v0.3.12
[INFO] [stderr]     Checking time v0.1.43
[INFO] [stderr]     Checking hostname v0.3.1
[INFO] [stderr]     Checking listenfd v0.3.3
[INFO] [stderr]     Checking phf v0.8.0
[INFO] [stderr]     Checking idna v0.2.0
[INFO] [stderr]     Checking stringprep v0.1.2
[INFO] [stderr]     Checking aho-corasick v0.7.10
[INFO] [stderr]     Checking want v0.3.0
[INFO] [stderr]    Compiling lexical-core v0.6.2
[INFO] [stderr]     Checking flate2 v1.0.14
[INFO] [stderr]     Checking fxhash v0.2.1
[INFO] [stderr]     Checking serde_test v0.8.23
[INFO] [stderr]    Compiling quote v1.0.7
[INFO] [stderr]     Checking addr2line v0.12.1
[INFO] [stderr]     Checking rand_core v0.5.1
[INFO] [stderr]     Checking resolv-conf v0.6.3
[INFO] [stderr]     Checking threadpool v1.8.1
[INFO] [stderr]     Checking mio v0.6.22
[INFO] [stderr]     Checking parking_lot v0.10.2
[INFO] [stderr]     Checking generic-array v0.12.3
[INFO] [stderr]     Checking http-body v0.3.1
[INFO] [stderr]     Checking url v2.1.1
[INFO] [stderr]     Checking backtrace v0.3.48
[INFO] [stderr]     Checking crossbeam-queue v0.2.3
[INFO] [stderr]     Checking linked-hash-map v0.3.0
[INFO] [stderr]     Checking rand_chacha v0.2.2
[INFO] [stderr]     Checking regex v1.3.9
[INFO] [stderr]     Checking digest v0.8.1
[INFO] [stderr]     Checking block-buffer v0.7.3
[INFO] [stderr]     Checking crypto-mac v0.7.0
[INFO] [stderr]     Checking digest v0.9.0
[INFO] [stderr]     Checking block-buffer v0.8.0
[INFO] [stderr]     Checking crypto-mac v0.8.0
[INFO] [stderr]     Checking num-traits v0.1.43
[INFO] [stderr]     Checking rand v0.7.3
[INFO] [stderr]     Checking hmac v0.7.1
[INFO] [stderr]     Checking sha2 v0.8.2
[INFO] [stderr]     Checking sha-1 v0.9.0
[INFO] [stderr]     Checking hmac v0.8.0
[INFO] [stderr]     Checking mio-uds v0.6.8
[INFO] [stderr]     Checking serde-hjson v0.9.1
[INFO] [stderr]     Checking postgres-protocol v0.5.1
[INFO] [stderr]     Checking postgres-types v0.1.1
[INFO] [stderr]     Checking brotli2 v0.3.2
[INFO] [stderr]    Compiling synstructure v0.12.4
[INFO] [stderr]    Compiling pin-project-internal v0.4.20
[INFO] [stderr]    Compiling tokio-macros v0.2.5
[INFO] [stderr]    Compiling futures-macro v0.3.5
[INFO] [stderr]    Compiling serde_derive v1.0.111
[INFO] [stderr]    Compiling async-trait v0.1.35
[INFO] [stderr]    Compiling derive_more v0.99.7
[INFO] [stderr]    Compiling actix-macros v0.1.2
[INFO] [stderr]    Compiling enum-as-inner v0.3.2
[INFO] [stderr]    Compiling thiserror-impl v1.0.19
[INFO] [stderr]    Compiling actix-web-codegen v0.2.2
[INFO] [stderr]     Checking tokio v0.2.21
[INFO] [stderr]     Checking failure v0.1.8
[INFO] [stderr]     Checking thiserror v1.0.19
[INFO] [stderr]     Checking pin-project v0.4.20
[INFO] [stderr]     Checking futures-util v0.3.5
[INFO] [stderr]     Checking tokio-util v0.3.1
[INFO] [stderr]     Checking tokio-util v0.2.0
[INFO] [stderr]     Checking tokio-tls v0.3.1
[INFO] [stderr]     Checking actix-threadpool v0.3.2
[INFO] [stderr]     Checking actix-codec v0.2.0
[INFO] [stderr]     Checking futures-executor v0.3.5
[INFO] [stderr]     Checking actix-service v1.0.5
[INFO] [stderr]     Checking actix-rt v1.1.1
[INFO] [stderr]     Checking h2 v0.2.5
[INFO] [stderr]     Checking futures v0.3.5
[INFO] [stderr]     Checking trust-dns-proto v0.18.0-alpha.2
[INFO] [stderr]     Checking tokio-postgres v0.5.4
[INFO] [stderr]     Checking actix-utils v1.0.6
[INFO] [stderr]     Checking actix-server v1.0.3
[INFO] [stderr]     Checking actix-tls v1.0.0
[INFO] [stderr]     Checking actix-testing v1.0.1
[INFO] [stderr]     Checking hyper v0.13.6
[INFO] [stderr]     Checking trust-dns-resolver v0.18.0-alpha.2
[INFO] [stderr]     Checking tokio-pg-mapper v0.1.8
[INFO] [stderr]     Checking actix-connect v1.0.2
[INFO] [stderr]    Compiling tokio-pg-mapper-derive v0.1.5
[INFO] [stderr]     Checking serde_json v1.0.55
[INFO] [stderr]     Checking chrono v0.4.11
[INFO] [stderr]     Checking toml v0.5.6
[INFO] [stderr]     Checking serde_urlencoded v0.6.1
[INFO] [stderr]     Checking actix-router v0.2.4
[INFO] [stderr]     Checking hyper-tls v0.4.1
[INFO] [stderr]     Checking actix-http v1.0.1
[INFO] [stderr]     Checking egg-mode v0.15.0
[INFO] [stderr]     Checking config v0.10.1
[INFO] [stderr]     Checking deadpool v0.5.1
[INFO] [stderr]     Checking deadpool-postgres v0.5.5
[INFO] [stderr]     Checking awc v1.0.1
[INFO] [stderr]     Checking actix-web v2.0.0
[INFO] [stderr]     Checking rust-api v0.1.0 (/opt/rustwide/workdir)
[INFO] [stdout] error[E0432]: unresolved import `super::wallet`
[INFO] [stdout]  --> src/user/models/user.rs:1:22
[INFO] [stdout]   |
[INFO] [stdout] 1 | use super::{setting, wallet};
[INFO] [stdout]   |                      ^^^^^^ no `wallet` in `user::models`
[INFO] [stdout] 
[INFO] [stdout] 
[INFO] [stdout] error: cannot find derive macro `ToSql` in this scope
[INFO] [stdout]  --> src/user/models/user.rs:6:17
[INFO] [stdout]   |
[INFO] [stdout] 6 | #[derive(Debug, ToSql, FromSql)]
[INFO] [stdout]   |                 ^^^^^
[INFO] [stdout] 
[INFO] [stdout] 
[INFO] [stdout] error: cannot find derive macro `FromSql` in this scope
[INFO] [stdout]  --> src/user/models/user.rs:6:24
[INFO] [stdout]   |
[INFO] [stdout] 6 | #[derive(Debug, ToSql, FromSql)]
[INFO] [stdout]   |                        ^^^^^^^
[INFO] [stdout] 
[INFO] [stdout] 
[INFO] [stdout] error: cannot find derive macro `ToSql` in this scope
[INFO] [stdout]   --> src/user/models/user.rs:13:17
[INFO] [stdout]    |
[INFO] [stdout] 13 | #[derive(Debug, ToSql, FromSql)]
[INFO] [stdout]    |                 ^^^^^
[INFO] [stdout] 
[INFO] [stdout] 
[INFO] [stdout] error: cannot find derive macro `FromSql` in this scope
[INFO] [stdout]   --> src/user/models/user.rs:13:24
[INFO] [stdout]    |
[INFO] [stdout] 13 | #[derive(Debug, ToSql, FromSql)]
[INFO] [stdout]    |                        ^^^^^^^
[INFO] [stdout] 
[INFO] [stdout] 
[INFO] [stdout] warning: unused import: `super::user::User`
[INFO] [stdout]  --> src/user/models/payout_method.rs:1:5
[INFO] [stdout]   |
[INFO] [stdout] 1 | use super::user::User;
[INFO] [stdout]   |     ^^^^^^^^^^^^^^^^^
[INFO] [stdout]   |
[INFO] [stdout]   = note: `#[warn(unused_imports)]` on by default
[INFO] [stdout] 
[INFO] [stdout] 
[INFO] [stdout] warning: unused import: `futures::Future`
[INFO] [stdout]  --> src/user/models/payout_method.rs:2:5
[INFO] [stdout]   |
[INFO] [stdout] 2 | use futures::Future;
[INFO] [stdout]   |     ^^^^^^^^^^^^^^^
[INFO] [stdout] 
[INFO] [stdout] 
[INFO] [stdout] warning: unused import: `setting`
[INFO] [stdout]  --> src/user/models/user.rs:1:13
[INFO] [stdout]   |
[INFO] [stdout] 1 | use super::{setting, wallet};
[INFO] [stdout]   |             ^^^^^^^
[INFO] [stdout] 
[INFO] [stdout] 
[INFO] [stdout] warning: unused import: `futures::Future`
[INFO] [stdout]  --> src/user/models/user.rs:2:5
[INFO] [stdout]   |
[INFO] [stdout] 2 | use futures::Future;
[INFO] [stdout]   |     ^^^^^^^^^^^^^^^
[INFO] [stdout] 
[INFO] [stdout] 
[INFO] [stdout] warning: unused imports: `FromSql`, `ToSql`
[INFO] [stdout]  --> src/user/models/user.rs:4:29
[INFO] [stdout]   |
[INFO] [stdout] 4 | use tokio_postgres::types::{FromSql, Timestamp, ToSql};
[INFO] [stdout]   |                             ^^^^^^^             ^^^^^
[INFO] [stdout] 
[INFO] [stdout] 
[INFO] [stdout] error[E0107]: wrong number of type arguments: expected 0, found 1
[INFO] [stdout]  --> src/user/models/profile.rs:8:22
[INFO] [stdout]   |
[INFO] [stdout] 8 |     user: dyn Future<User>,
[INFO] [stdout]   |                      ^^^^ unexpected type argument
[INFO] [stdout] 
[INFO] [stdout] 
[INFO] [stdout] error[E0432]: unresolved import `super::wallet`
[INFO] [stdout]  --> src/user/models/user.rs:1:22
[INFO] [stdout]   |
[INFO] [stdout] 1 | use super::{setting, wallet};
[INFO] [stdout]   |                      ^^^^^^ no `wallet` in `user::models`
[INFO] [stdout] 
[INFO] [stdout] 
[INFO] [stdout] error: cannot find derive macro `ToSql` in this scope
[INFO] [stdout]  --> src/user/models/user.rs:6:17
[INFO] [stdout]   |
[INFO] [stdout] 6 | #[derive(Debug, ToSql, FromSql)]
[INFO] [stdout]   |                 ^^^^^
[INFO] [stdout] 
[INFO] [stdout] 
[INFO] [stdout] error: cannot find derive macro `FromSql` in this scope
[INFO] [stdout]  --> src/user/models/user.rs:6:24
[INFO] [stdout]   |
[INFO] [stdout] 6 | #[derive(Debug, ToSql, FromSql)]
[INFO] [stdout]   |                        ^^^^^^^
[INFO] [stdout] 
[INFO] [stdout] 
[INFO] [stdout] error: cannot find derive macro `ToSql` in this scope
[INFO] [stdout]   --> src/user/models/user.rs:13:17
[INFO] [stdout]    |
[INFO] [stdout] 13 | #[derive(Debug, ToSql, FromSql)]
[INFO] [stdout]    |                 ^^^^^
[INFO] [stdout] 
[INFO] [stdout] 
[INFO] [stdout] error: cannot find derive macro `FromSql` in this scope
[INFO] [stdout]   --> src/user/models/user.rs:13:24
[INFO] [stdout]    |
[INFO] [stdout] 13 | #[derive(Debug, ToSql, FromSql)]
[INFO] [stdout]    |                        ^^^^^^^
[INFO] [stdout] 
[INFO] [stdout] 
[INFO] [stdout] warning: unused import: `super::user::User`
[INFO] [stdout]  --> src/user/models/payout_method.rs:1:5
[INFO] [stdout]   |
[INFO] [stdout] 1 | use super::user::User;
[INFO] [stdout]   |     ^^^^^^^^^^^^^^^^^
[INFO] [stdout]   |
[INFO] [stdout]   = note: `#[warn(unused_imports)]` on by default
[INFO] [stdout] 
[INFO] [stdout] 
[INFO] [stdout] warning: unused import: `futures::Future`
[INFO] [stdout]  --> src/user/models/payout_method.rs:2:5
[INFO] [stdout]   |
[INFO] [stdout] 2 | use futures::Future;
[INFO] [stdout]   |     ^^^^^^^^^^^^^^^
[INFO] [stdout] 
[INFO] [stdout] 
[INFO] [stdout] warning: unused import: `setting`
[INFO] [stdout]  --> src/user/models/user.rs:1:13
[INFO] [stdout]   |
[INFO] [stdout] 1 | use super::{setting, wallet};
[INFO] [stdout]   |             ^^^^^^^
[INFO] [stdout] 
[INFO] [stdout] 
[INFO] [stdout] warning: unused import: `futures::Future`
[INFO] [stdout]  --> src/user/models/user.rs:2:5
[INFO] [stdout]   |
[INFO] [stdout] 2 | use futures::Future;
[INFO] [stdout]   |     ^^^^^^^^^^^^^^^
[INFO] [stdout] 
[INFO] [stdout] 
[INFO] [stdout] warning: unused imports: `FromSql`, `ToSql`
[INFO] [stdout]  --> src/user/models/user.rs:4:29
[INFO] [stdout]   |
[INFO] [stdout] 4 | use tokio_postgres::types::{FromSql, Timestamp, ToSql};
[INFO] [stdout]   |                             ^^^^^^^             ^^^^^
[INFO] [stdout] 
[INFO] [stdout] 
[INFO] [stdout] error[E0107]: wrong number of type arguments: expected 0, found 1
[INFO] [stdout]  --> src/user/models/profile.rs:8:22
[INFO] [stdout]   |
[INFO] [stdout] 8 |     user: dyn Future<User>,
[INFO] [stdout]   |                      ^^^^ unexpected type argument
[INFO] [stdout] 
[INFO] [stdout] 
[INFO] [stdout] error[E0191]: the value of the associated type `Output` (from trait `futures::Future`) must be specified
[INFO] [stdout]  --> src/user/models/profile.rs:8:15
[INFO] [stdout]   |
[INFO] [stdout] 8 |     user: dyn Future<User>,
[INFO] [stdout]   |               ^^^^^^^----^
[INFO] [stdout]   |                      |
[INFO] [stdout]   |                      help: specify the associated type: `Output = User`
[INFO] [stdout] 
[INFO] [stdout] 
[INFO] [stdout] error[E0107]: wrong number of type arguments: expected 1, found 0
[INFO] [stdout]   --> src/user/models/user.rs:34:17
[INFO] [stdout]    |
[INFO] [stdout] 34 |     created_at: Timestamp, // Should be date?
[INFO] [stdout]    |                 ^^^^^^^^^ expected 1 type argument
[INFO] [stdout] 
[INFO] [stdout] 
[INFO] [stdout] error[E0107]: wrong number of type arguments: expected 1, found 0
[INFO] [stdout]   --> src/user/models/user.rs:35:17
[INFO] [stdout]    |
[INFO] [stdout] 35 |     updated_at: Timestamp, // Should be date?
[INFO] [stdout]    |                 ^^^^^^^^^ expected 1 type argument
[INFO] [stdout] 
[INFO] [stdout] 
[INFO] [stdout] error[E0107]: wrong number of type arguments: expected 0, found 1
[INFO] [stdout]   --> src/transaction/models/transaction.rs:11:24
[INFO] [stdout]    |
[INFO] [stdout] 11 |     sender: dyn Future<User>,
[INFO] [stdout]    |                        ^^^^ unexpected type argument
[INFO] [stdout] 
[INFO] [stdout] 
[INFO] [stdout] error[E0191]: the value of the associated type `Output` (from trait `futures::Future`) must be specified
[INFO] [stdout]   --> src/transaction/models/transaction.rs:11:17
[INFO] [stdout]    |
[INFO] [stdout] 11 |     sender: dyn Future<User>,
[INFO] [stdout]    |                 ^^^^^^^----^
[INFO] [stdout]    |                        |
[INFO] [stdout]    |                        help: specify the associated type: `Output = User`
[INFO] [stdout] 
[INFO] [stdout] 
[INFO] [stdout] error[E0107]: wrong number of type arguments: expected 0, found 1
[INFO] [stdout]   --> src/transaction/models/transaction.rs:12:26
[INFO] [stdout]    |
[INFO] [stdout] 12 |     receiver: dyn Future<User>,
[INFO] [stdout]    |                          ^^^^ unexpected type argument
[INFO] [stdout] 
[INFO] [stdout] 
[INFO] [stdout] error[E0191]: the value of the associated type `Output` (from trait `futures::Future`) must be specified
[INFO] [stdout]   --> src/transaction/models/transaction.rs:12:19
[INFO] [stdout]    |
[INFO] [stdout] 12 |     receiver: dyn Future<User>,
[INFO] [stdout]    |                   ^^^^^^^----^
[INFO] [stdout]    |                          |
[INFO] [stdout]    |                          help: specify the associated type: `Output = User`
[INFO] [stdout] 
[INFO] [stdout] 
[INFO] [stdout] error[E0191]: the value of the associated type `Output` (from trait `futures::Future`) must be specified
[INFO] [stdout]  --> src/transaction/models/review.rs:8:17
[INFO] [stdout]   |
[INFO] [stdout] 8 |     review: dyn Future<>, // dyn Future<Review> Haven't made review yet
[INFO] [stdout]   |                 ^^^^^^ help: specify the associated type: `Future<Output = Type>`
[INFO] [stdout] 
[INFO] [stdout] 
[INFO] [stdout] error[E0107]: wrong number of type arguments: expected 0, found 1
[INFO] [stdout]   --> src/transaction/models/review.rs:10:29
[INFO] [stdout]    |
[INFO] [stdout] 10 |     transaction: dyn Future<Transaction>
[INFO] [stdout]    |                             ^^^^^^^^^^^ unexpected type argument
[INFO] [stdout] 
[INFO] [stdout] 
[INFO] [stdout] error[E0191]: the value of the associated type `Output` (from trait `futures::Future`) must be specified
[INFO] [stdout]   --> src/transaction/models/review.rs:10:22
[INFO] [stdout]    |
[INFO] [stdout] 10 |     transaction: dyn Future<Transaction>
[INFO] [stdout]    |                      ^^^^^^^-----------^
[INFO] [stdout]    |                             |
[INFO] [stdout]    |                             help: specify the associated type: `Output = Transaction`
[INFO] [stdout] 
[INFO] [stdout] 
[INFO] [stdout] error[E0107]: wrong number of type arguments: expected 0, found 1
[INFO] [stdout]   --> src/transaction/models/payout.rs:10:29
[INFO] [stdout]    |
[INFO] [stdout] 10 |     transaction: dyn Future<Transaction>,
[INFO] [stdout]    |                             ^^^^^^^^^^^ unexpected type argument
[INFO] [stdout] 
[INFO] [stdout] 
[INFO] [stdout] error[E0191]: the value of the associated type `Output` (from trait `futures::Future`) must be specified
[INFO] [stdout]   --> src/transaction/models/payout.rs:10:22
[INFO] [stdout]    |
[INFO] [stdout] 10 |     transaction: dyn Future<Transaction>,
[INFO] [stdout]    |                      ^^^^^^^-----------^
[INFO] [stdout]    |                             |
[INFO] [stdout]    |                             help: specify the associated type: `Output = Transaction`
[INFO] [stdout] 
[INFO] [stdout] 
[INFO] [stdout] error: aborting due to 18 previous errors; 5 warnings emitted
[INFO] [stdout] 
[INFO] [stdout] 
[INFO] [stdout] Some errors have detailed explanations: E0107, E0191, E0432.
[INFO] [stdout] 
[INFO] [stdout] For more information about an error, try `rustc --explain E0107`.
[INFO] [stdout] 
[INFO] [stderr] error: could not compile `rust-api`.
[INFO] [stderr] 
[INFO] [stderr] To learn more, run the command again with --verbose.
[INFO] [stderr] warning: build failed, waiting for other jobs to finish...
[INFO] [stdout] error[E0191]: the value of the associated type `Output` (from trait `futures::Future`) must be specified
[INFO] [stdout]  --> src/user/models/profile.rs:8:15
[INFO] [stdout]   |
[INFO] [stdout] 8 |     user: dyn Future<User>,
[INFO] [stdout]   |               ^^^^^^^----^
[INFO] [stdout]   |                      |
[INFO] [stdout]   |                      help: specify the associated type: `Output = User`
[INFO] [stdout] 
[INFO] [stdout] 
[INFO] [stdout] error[E0107]: wrong number of type arguments: expected 1, found 0
[INFO] [stdout]   --> src/user/models/user.rs:34:17
[INFO] [stdout]    |
[INFO] [stdout] 34 |     created_at: Timestamp, // Should be date?
[INFO] [stdout]    |                 ^^^^^^^^^ expected 1 type argument
[INFO] [stdout] 
[INFO] [stdout] 
[INFO] [stdout] error[E0107]: wrong number of type arguments: expected 1, found 0
[INFO] [stdout]   --> src/user/models/user.rs:35:17
[INFO] [stdout]    |
[INFO] [stdout] 35 |     updated_at: Timestamp, // Should be date?
[INFO] [stdout]    |                 ^^^^^^^^^ expected 1 type argument
[INFO] [stdout] 
[INFO] [stdout] 
[INFO] [stdout] error[E0107]: wrong number of type arguments: expected 0, found 1
[INFO] [stdout]   --> src/transaction/models/transaction.rs:11:24
[INFO] [stdout]    |
[INFO] [stdout] 11 |     sender: dyn Future<User>,
[INFO] [stdout]    |                        ^^^^ unexpected type argument
[INFO] [stdout] 
[INFO] [stdout] 
[INFO] [stdout] error[E0191]: the value of the associated type `Output` (from trait `futures::Future`) must be specified
[INFO] [stdout]   --> src/transaction/models/transaction.rs:11:17
[INFO] [stdout]    |
[INFO] [stdout] 11 |     sender: dyn Future<User>,
[INFO] [stdout]    |                 ^^^^^^^----^
[INFO] [stdout]    |                        |
[INFO] [stdout]    |                        help: specify the associated type: `Output = User`
[INFO] [stdout] 
[INFO] [stdout] 
[INFO] [stdout] error[E0107]: wrong number of type arguments: expected 0, found 1
[INFO] [stdout]   --> src/transaction/models/transaction.rs:12:26
[INFO] [stdout]    |
[INFO] [stdout] 12 |     receiver: dyn Future<User>,
[INFO] [stdout]    |                          ^^^^ unexpected type argument
[INFO] [stdout] 
[INFO] [stdout] 
[INFO] [stdout] error[E0191]: the value of the associated type `Output` (from trait `futures::Future`) must be specified
[INFO] [stdout]   --> src/transaction/models/transaction.rs:12:19
[INFO] [stdout]    |
[INFO] [stdout] 12 |     receiver: dyn Future<User>,
[INFO] [stdout]    |                   ^^^^^^^----^
[INFO] [stdout]    |                          |
[INFO] [stdout]    |                          help: specify the associated type: `Output = User`
[INFO] [stdout] 
[INFO] [stdout] 
[INFO] [stdout] error[E0191]: the value of the associated type `Output` (from trait `futures::Future`) must be specified
[INFO] [stdout]  --> src/transaction/models/review.rs:8:17
[INFO] [stdout]   |
[INFO] [stdout] 8 |     review: dyn Future<>, // dyn Future<Review> Haven't made review yet
[INFO] [stdout]   |                 ^^^^^^ help: specify the associated type: `Future<Output = Type>`
[INFO] [stdout] 
[INFO] [stdout] 
[INFO] [stdout] error[E0107]: wrong number of type arguments: expected 0, found 1
[INFO] [stdout]   --> src/transaction/models/review.rs:10:29
[INFO] [stdout]    |
[INFO] [stdout] 10 |     transaction: dyn Future<Transaction>
[INFO] [stdout]    |                             ^^^^^^^^^^^ unexpected type argument
[INFO] [stdout] 
[INFO] [stdout] 
[INFO] [stdout] error[E0191]: the value of the associated type `Output` (from trait `futures::Future`) must be specified
[INFO] [stdout]   --> src/transaction/models/review.rs:10:22
[INFO] [stdout]    |
[INFO] [stdout] 10 |     transaction: dyn Future<Transaction>
[INFO] [stdout]    |                      ^^^^^^^-----------^
[INFO] [stdout]    |                             |
[INFO] [stdout]    |                             help: specify the associated type: `Output = Transaction`
[INFO] [stdout] 
[INFO] [stdout] 
[INFO] [stdout] error[E0107]: wrong number of type arguments: expected 0, found 1
[INFO] [stdout]   --> src/transaction/models/payout.rs:10:29
[INFO] [stdout]    |
[INFO] [stdout] 10 |     transaction: dyn Future<Transaction>,
[INFO] [stdout]    |                             ^^^^^^^^^^^ unexpected type argument
[INFO] [stdout] 
[INFO] [stdout] 
[INFO] [stdout] error[E0191]: the value of the associated type `Output` (from trait `futures::Future`) must be specified
[INFO] [stdout]   --> src/transaction/models/payout.rs:10:22
[INFO] [stdout]    |
[INFO] [stdout] 10 |     transaction: dyn Future<Transaction>,
[INFO] [stdout]    |                      ^^^^^^^-----------^
[INFO] [stdout]    |                             |
[INFO] [stdout]    |                             help: specify the associated type: `Output = Transaction`
[INFO] [stdout] 
[INFO] [stdout] 
[INFO] [stdout] error: aborting due to 18 previous errors; 5 warnings emitted
[INFO] [stdout] 
[INFO] [stdout] 
[INFO] [stdout] Some errors have detailed explanations: E0107, E0191, E0432.
[INFO] [stdout] 
[INFO] [stdout] For more information about an error, try `rustc --explain E0107`.
[INFO] [stdout] 
[INFO] [stderr] error: build failed
[INFO] running `Command { std: "docker" "inspect" "a17bf308e9d3bb20ba1204afc3c53511490343432796b9a7a8d739cd44e675ea", kill_on_drop: false }`
[INFO] running `Command { std: "docker" "rm" "-f" "a17bf308e9d3bb20ba1204afc3c53511490343432796b9a7a8d739cd44e675ea", kill_on_drop: false }`
[INFO] [stdout] a17bf308e9d3bb20ba1204afc3c53511490343432796b9a7a8d739cd44e675ea
